{"id":2243,"date":"2024-12-05T16:30:32","date_gmt":"2024-12-05T15:30:32","guid":{"rendered":"https:\/\/grinox.fr\/?page_id=2243"},"modified":"2024-12-05T16:30:32","modified_gmt":"2024-12-05T15:30:32","slug":"mentions-legales","status":"publish","type":"page","link":"https:\/\/grinox.fr\/index.php\/mentions-legales\/","title":{"rendered":"Mentions l\u00e9gales"},"content":{"rendered":"<div class=\"row\">\n<div id=\"mentions_legales_client\" class=\"col-sm\">\n<p id=\"infoclient\"><strong>Raison sociale :\u00a0<\/strong><abbr title=\"Soci\u00e9t\u00e9 \u00c0 Responsabilit\u00e9 Limit\u00e9e\">SARL.<\/abbr>\u00a0GR INOX<br \/>\n<strong>Si\u00e8ge social :\u00a0<\/strong>Parc d&rsquo;Activit\u00e9s 55 Rue d&rsquo;Antar\u00e8s<br \/>\n83310 GRIMAUD<br \/>\nFrance<br \/>\n<strong><abbr title=\"T\u00e9l\u00e9phone\">T\u00e9l.<\/abbr>\u00a0\/ Fax :\u00a0<\/strong>04 83 12 68 15<br \/>\n<strong><abbr title=\"Portable\">Port.<\/abbr>\u00a0<\/strong>06 09 38 77 84<br \/>\n<strong>E-mail :\u00a0<\/strong><img decoding=\"async\" src=\"data:image\/png;base64,iVBORw0KGgoAAAANSUhEUgAAAKYAAAAPCAYAAABum7RRAAAACXBIWXMAAA7EAAAOxAGVKw4bAAAEdUlEQVRo3u2YXWhURxTHf6xhXUIQyUOUsJRYQYtYG62EIEVs+6BItSASPx5saqWKFAo+VLEgSCkiUkRKqQoaWxFRaRVENFi\/KKJWU01FJfgRNVrRVGurJlFj0of+txyGO\/feTWI05R4Ydvbszvn4z5lzzgwklNBLSP0SCLpN04AHwN8JFH2P5gALe0HWMOBroAFoAq4Be4FJz9G3\/cDUZIv7Jv3Qg4HpkzVbATkbKDT8SuAo8EWyDX2P0sBq4DbQCpwGBgTwjwCjnLUnlTH2AI+UqRaZ39dp7V2gEfhS\/LHAAcluBrYCmQh7fLLGABeAYo9\/GaAeGGd4FQrYc5LZKT1vGb8qgM3yy3ewTgJVMbEgAtN35FuJcxC\/8eg+C1QHVJRzMTDOx8fuxscCfbZq36qkq1Ft0CHglSDFq4ATwGvKNmMN\/6gWZSTsNlDkKG4CxgMpOfrIyEDl1HW6zKwpkp5FEfb4ZO0E3tN8HHBMgdoIrDQbts6saQIma16ijat0\/KqXrmJnQ8MCMwqLKEy\/BbaZ\/vWyUwEsfQbUOry9wJIYGOfjY3fj4yZQDhTItqcK4sFatwPY4iotUCRXePhjHP4h4BNH8YoAcBZEBJNLS4CaEHt8sgoUVCmBe9Oc2mrJzGXV\/ZoPBp45cmuBuY5fNTGqjRuYYVjEwbRQB2qOfJkQojsLPDaVYqC+l0VgnI+PPREfto0qVnWyfk1WIvmPUnIiDZxxFLwq\/m8O\/1fgdYfX4Hx\/qFQfRqNUWuo1PtXp8dnjo1Lgd6BD4J03NpcA982m5W7OfwD3DDgDgZHAKUf2kS60RWFYxMG0BfgI+A7YBRwO0XUDOA5MNxn2F+BqBMb5+NgT8XHRwQPgisMrcgMzpXlHQF8RRKkAXkuem1ciQGqB0cAbKmGE2EMMe+4YINPAFBMUHwC7NW8HZqkXrFMf9nkAyNavhTrpncCfIfa0RPTycTAtkxw38wXZsAWYofkMUxLDMM5n73oiPtoCeO1RSq\/qT27TekkCyx1+uZt2Y1CHY3ClMtkm4\/Bwffrs8cm6oZJWqNP6o7JWnS5HWfVpbcD3Zt37KjFvamyK8GEt0F9jUBcvmXEwzap3e1e9W3WEDduF5zBd3LbHwDgf6o34CAzMJ8B6YI1OaIHpG9bq1pXVCflYJW9jnnquAG8bndfV543Q92nmLdBnT8Yjq10lL9fULwaGqJzsAyYCQ4H5zqm\/pX6wU\/3mNfkXdriemNEVaouB6Qb5fxz4EPhK7YrPhvvAT3q\/PagWhQiMo6jG9Nu9ER9eyijNN6uhrVMJTCnr3NLt8ueAZtc2\/znaoRujbdKPAX8JQIBl0ndXt9Aq9UNh9vhkFeuJZKU2I0cDtCFueanSbTKr39LKMK1mfZBfcS4\/UViEYTpP2Sbt3IhrI2yYrgM20+GHYRzm4wlg6XOKj7RsLTW88XrN+F9SEbBcb3tNGg16A0wFPC8FZcdmPYkklNALoRV6uM6YjLDMPEwnlNALoVxpatS4yL+P76UJNC8H\/QP4qoqSxUi4OAAAAABJRU5ErkJggg==\" alt=\"adresse e-mail de GR INOX\" \/><br \/>\n<strong>Siret :\u00a0<\/strong>499 083 368 00021<br \/>\n<strong>Directeur de publication :\u00a0<\/strong>GUNTHER Raoul<br \/>\n<strong>N\u00b0 de TVA intracommunautaire :\u00a0<\/strong>FR20499083368<\/p>\n<\/div>\n<div id=\"mentions_legales_hebergeur\" class=\"col-sm\">\n<p id=\"hebergeur\"><strong>H\u00e9bergeur :\u00a0<\/strong>OVH<br \/>\n<strong>Raison sociale :\u00a0<\/strong><abbr title=\"Soci\u00e9t\u00e9 par Actions Simplifi\u00e9es\">SAS.<\/abbr> OVH<br \/>\n<strong>Si\u00e8ge social : 2 rue Kellermann &#8211; 59100 Roubaix &#8211; France<\/strong><br \/>\n<strong>RCS Lille M\u00e9tropole<\/strong> 424 761 419 00045<\/p>\n<\/div>\n<\/div>\n<div id=\"texte_mentions_legales\">\n<p>Le pr\u00e9sent site est la propri\u00e9t\u00e9 d&rsquo;ALCOM \u00e9tablissement situ\u00e9 Espace Bellevue 405, chemin des Pr\u00e9s 06600 Antibes.<\/p>\n<p class=\"justify\"><strong>www.grinox.fr<\/strong>\u00a0a pour ambition d\u2019\u00eatre exemplaire et de contribuer \u00e0 la cr\u00e9ation d\u2019un monde \u00e9l\u00e9gant. Nous accordons une grande valeur \u00e0 l\u2019honn\u00eatet\u00e9 et \u00e0 la clart\u00e9 et avons \u00e0 c\u0153ur de construire avec nos clients des relations fortes et durables, fond\u00e9es sur la confiance et l\u2019int\u00e9r\u00eat mutuel. Conform\u00e9ment \u00e0 cette philosophie,\u00a0<strong>la protection de vos donn\u00e9es personnelles est essentielle<\/strong>\u00a0\u00e0 nos yeux et nous souhaitons vous informer par l\u2019interm\u00e9diaire de la pr\u00e9sente politique de protection des donn\u00e9es personnelles de\u00a0<strong>la mani\u00e8re dont nous collectons et traitons ces donn\u00e9es<\/strong>.<br \/>\nLa pr\u00e9sente politique de confidentialit\u00e9 d\u00e9finit et vous informe de la mani\u00e8re dont <strong>www.grinox.fr<\/strong> utilise et prot\u00e8ge les informations que vous nous transmettez, le cas \u00e9ch\u00e9ant, lorsque vous utilisez le pr\u00e9sent site accessible \u00e0 partir de l\u2019URL suivante : <strong>www.grinox.fr<\/strong>.<br \/>\nVeuillez noter que cette politique de confidentialit\u00e9 est\u00a0<strong>susceptible d\u2019\u00eatre modifi\u00e9e ou compl\u00e9t\u00e9e<\/strong> \u00e0 tout moment par <strong>www.grinox.fr<\/strong>, notamment en vue de se conformer \u00e0 toute \u00e9volution l\u00e9gislative, r\u00e9glementaire, jurisprudentielle ou technologique. Dans un tel cas, la\u00a0<strong>date de sa mise \u00e0 jour<\/strong>\u00a0sera clairement identifi\u00e9e en t\u00eate de la pr\u00e9sente politique. Ces modifications engagent l\u2019Utilisateur d\u00e8s leur mise en ligne. Il convient par cons\u00e9quent que l\u2019Utilisateur consulte r\u00e9guli\u00e8rement la pr\u00e9sente politique de confidentialit\u00e9 et d\u2019utilisation des cookies afin de prendre connaissance de ses \u00e9ventuelles modifications.<\/p>\n<div class=\"row\">\n<div class=\"col-sm-6\">\n<h2>R\u00e8glement g\u00e9n\u00e9ral sur la protection des donn\u00e9es (RGPD)<\/h2>\n<p class=\"justify\">GR INOX s\u2019engage \u00e0 ce que la collecte et le traitement de vos donn\u00e9es, effectu\u00e9s \u00e0 partir du site <strong>www.grinox.fr<\/strong> soient <strong>conformes au r\u00e8glement g\u00e9n\u00e9ral sur la protection des donn\u00e9es (RGPD)<\/strong>. Chaque formulaire ou t\u00e9l\u00e9service limite la collecte des donn\u00e9es personnelles au strict n\u00e9cessaire (minimisation des donn\u00e9es) et indique notamment :<\/p>\n<ul class=\"puce\">\n<li>quels sont les objectifs du recueil de ces donn\u00e9es,<\/li>\n<li>si ces donn\u00e9es sont obligatoires ou facultatives pour la gestion de votre demande,<\/li>\n<li>qui pourra en prendre connaissance (uniquement GR INOX en principe, sauf pr\u00e9cision dans le formulaire lorsqu\u2019une transmission \u00e0 un tiers est n\u00e9cessaire \u00e0 la gestion de votre demande),<\/li>\n<\/ul>\n<p class=\"justify\">Les donn\u00e9es personnelles recueillies dans le cadre des services propos\u00e9s sur <strong>www.grinox.fr<\/strong> sont trait\u00e9es selon des <strong>protocoles s\u00e9curis\u00e9s<\/strong>\u00a0et permettent \u00e0 GR INOX de g\u00e9rer les demandes re\u00e7ues dans ses applications informatiques.<br \/>\nPour toute information ou exercice de vos\u00a0<strong>droits Informatique et Libert\u00e9s<\/strong>\u00a0sur les traitements de donn\u00e9es personnelles g\u00e9r\u00e9s par GR INOX, vous pouvez\u00a0<strong>contacter GR INOX<\/strong>\u00a0et \u00e9ventuellement son d\u00e9l\u00e9gu\u00e9 \u00e0 la protection des donn\u00e9es (DPO), si distingu\u00e9.<\/p>\n<h2>Confidentialit\u00e9<\/h2>\n<p class=\"justify\">GR INOX n\u2019enregistre pas d\u2019informations personnelles permettant l\u2019identification, \u00e0 l\u2019exception des\u00a0<strong>formulaires<\/strong>\u00a0que l\u2019utilisateur est\u00a0<strong>libre de remplir<\/strong>. Ces informations ne seront\u00a0<strong>pas utilis\u00e9es sans votre accord<\/strong>, nous les utiliserons seulement pour vous adresser des\u00a0<strong>courriers<\/strong>, des\u00a0<strong>brochures<\/strong>, des\u00a0<strong>devis<\/strong>\u00a0ou vous\u00a0<strong>contacter<\/strong>.<br \/>\nLes informations recueillies sur les sites b\u00e9n\u00e9ficient de la\u00a0<strong>protection de la loi \u00ab\u00a0Informatique et Libert\u00e9s\u00a0\u00bb<\/strong>\u00a0n\u00b0 78-17 du 06 janvier 1978. Elles b\u00e9n\u00e9ficient d\u2019un droit d\u2019<strong>acc\u00e8s<\/strong>, de\u00a0<strong>rectification<\/strong>, d\u2019<strong>opposition \u00e0 communication<\/strong>\u00a0et de\u00a0<strong>suppression<\/strong>\u00a0sur simple demande \u00e0\u00a0<img decoding=\"async\" src=\"data:image\/png;base64,iVBORw0KGgoAAAANSUhEUgAAAKYAAAAPCAYAAABum7RRAAAACXBIWXMAAA7EAAAOxAGVKw4bAAAEdUlEQVRo3u2YXWhURxTHf6xhXUIQyUOUsJRYQYtYG62EIEVs+6BItSASPx5saqWKFAo+VLEgSCkiUkRKqQoaWxFRaRVENFi\/KKJWU01FJfgRNVrRVGurJlFj0of+txyGO\/feTWI05R4Ydvbszvn4z5lzzgwklNBLSP0SCLpN04AHwN8JFH2P5gALe0HWMOBroAFoAq4Be4FJz9G3\/cDUZIv7Jv3Qg4HpkzVbATkbKDT8SuAo8EWyDX2P0sBq4DbQCpwGBgTwjwCjnLUnlTH2AI+UqRaZ39dp7V2gEfhS\/LHAAcluBrYCmQh7fLLGABeAYo9\/GaAeGGd4FQrYc5LZKT1vGb8qgM3yy3ewTgJVMbEgAtN35FuJcxC\/8eg+C1QHVJRzMTDOx8fuxscCfbZq36qkq1Ft0CHglSDFq4ATwGvKNmMN\/6gWZSTsNlDkKG4CxgMpOfrIyEDl1HW6zKwpkp5FEfb4ZO0E3tN8HHBMgdoIrDQbts6saQIma16ijat0\/KqXrmJnQ8MCMwqLKEy\/BbaZ\/vWyUwEsfQbUOry9wJIYGOfjY3fj4yZQDhTItqcK4sFatwPY4iotUCRXePhjHP4h4BNH8YoAcBZEBJNLS4CaEHt8sgoUVCmBe9Oc2mrJzGXV\/ZoPBp45cmuBuY5fNTGqjRuYYVjEwbRQB2qOfJkQojsLPDaVYqC+l0VgnI+PPREfto0qVnWyfk1WIvmPUnIiDZxxFLwq\/m8O\/1fgdYfX4Hx\/qFQfRqNUWuo1PtXp8dnjo1Lgd6BD4J03NpcA982m5W7OfwD3DDgDgZHAKUf2kS60RWFYxMG0BfgI+A7YBRwO0XUDOA5MNxn2F+BqBMb5+NgT8XHRwQPgisMrcgMzpXlHQF8RRKkAXkuem1ciQGqB0cAbKmGE2EMMe+4YINPAFBMUHwC7NW8HZqkXrFMf9nkAyNavhTrpncCfIfa0RPTycTAtkxw38wXZsAWYofkMUxLDMM5n73oiPtoCeO1RSq\/qT27TekkCyx1+uZt2Y1CHY3ClMtkm4\/Bwffrs8cm6oZJWqNP6o7JWnS5HWfVpbcD3Zt37KjFvamyK8GEt0F9jUBcvmXEwzap3e1e9W3WEDduF5zBd3LbHwDgf6o34CAzMJ8B6YI1OaIHpG9bq1pXVCflYJW9jnnquAG8bndfV543Q92nmLdBnT8Yjq10lL9fULwaGqJzsAyYCQ4H5zqm\/pX6wU\/3mNfkXdriemNEVaouB6Qb5fxz4EPhK7YrPhvvAT3q\/PagWhQiMo6jG9Nu9ER9eyijNN6uhrVMJTCnr3NLt8ueAZtc2\/znaoRujbdKPAX8JQIBl0ndXt9Aq9UNh9vhkFeuJZKU2I0cDtCFueanSbTKr39LKMK1mfZBfcS4\/UViEYTpP2Sbt3IhrI2yYrgM20+GHYRzm4wlg6XOKj7RsLTW88XrN+F9SEbBcb3tNGg16A0wFPC8FZcdmPYkklNALoRV6uM6YjLDMPEwnlNALoVxpatS4yL+P76UJNC8H\/QP4qoqSxUi4OAAAAABJRU5ErkJggg==\" alt=\"adresse e-mail de GR INOX\" \/>.<br \/>\nGR INOX pourra proc\u00e9der \u00e0 des\u00a0<strong>analyses statistiques<\/strong>\u00a0sans que celles-ci soient nominatives et pourra en informer des tiers (organismes d\u2019\u00e9valuation de fr\u00e9quentation) sous une forme r\u00e9sum\u00e9e et\u00a0<strong>non nominative<\/strong>.<\/p>\n<h2>Utilisation de cookies<\/h2>\n<p class=\"justify\">La gestion des commandes et l\u2019affichage du site internet n\u00e9cessite l\u2019utilisation de cookies. Des\u00a0<strong>informations non personnelles sont enregistr\u00e9es<\/strong> par ce syst\u00e8me de cookies (fichiers texte utilis\u00e9s pour reconna\u00eetre un utilisateur et ainsi faciliter son utilisation du site). Ceux-ci n\u2019ont aucune signification en dehors de leur utilisation sur le site <strong>www.grinox.fr<\/strong><\/p>\n<\/div>\n<div class=\"col-sm-6\">\n<h2>Liens hypertexte<\/h2>\n<p class=\"justify\">Vous \u00eates libres d\u2019<strong>\u00e9tablir des liens<\/strong>\u00a0vers ce site dans la mesure o\u00f9 ils\u00a0<strong>ne portent pas atteinte<\/strong>\u00a0\u00e0 l\u2019image de son \u00e9diteur. Vous \u00eates autoris\u00e9s \u00e0 \u00e9tablir des liens vers les pages du site au format : html, php, xml.<br \/>\nLa pratique du\u00a0<strong>framing est interdite<\/strong>\u00a0de m\u00eame que toute autre pratique ou technique susceptible d\u2019engendrer une confusion dans l\u2019esprit du public.<br \/>\nSont prohib\u00e9s les liens profonds vers les documents aux formats pdf, Doc, ou rtf. En effet, ce type de document ne permet pas de prendre connaissance des pr\u00e9sentes conditions d\u2019utilisation.<br \/>\nGR INOX ne contr\u00f4le pas les sites en connexion avec le sien, et\u00a0<strong>ne saurait donc \u00eatre responsable de leur contenu<\/strong>. Les risques li\u00e9s \u00e0 l\u2019utilisation de ces sites incombent pleinement \u00e0 l\u2019utilisateur. Il se conformera \u00e0 leurs conditions d\u2019utilisation.<\/p>\n<h2>Responsabilit\u00e9<\/h2>\n<p class=\"justify\">GR INOX d\u00e9cline toute responsabilit\u00e9 pour les difficult\u00e9s rencontr\u00e9es lors de l\u2019acc\u00e8s \u00e0 son site ou pour toute d\u00e9faillance de communication.<br \/>\nGR INOX se r\u00e9serve la possibilit\u00e9 de\u00a0<strong>modifier<\/strong>, d\u2019interrompre temporairement ou de fa\u00e7on permanente,\u00a0<strong>toute ou une partie du site<\/strong>, sans pr\u00e9avis. GR INOX ne pourra en aucun cas \u00eatre tenu pour responsable \u00e0 votre encontre ou \u00e0 l\u2019encontre d\u2019un tiers de toute modification, interruption ou suspension du site.<\/p>\n<h2>Propri\u00e9t\u00e9 intellectuelle<\/h2>\n<p class=\"justify\">En accord avec les lois r\u00e9gissant la\u00a0<strong>propri\u00e9t\u00e9 intellectuelle, la reproduction ou l\u2019utilisation des \u00e9l\u00e9ments<\/strong>\u00a0se trouvant dans ce site Internet, en totalit\u00e9 ou en partie est strictement\u00a0<strong>interdite<\/strong>. Seules sont maintenues les exceptions l\u00e9gales dont notamment la repr\u00e9sentation dans le cadre du cercle de famille, la copie priv\u00e9e ou le droit de courte citation.<br \/>\nAinsi, tous les textes, photos, logos, marques et autres \u00e9l\u00e9ments reproduits sur ce site sont r\u00e9serv\u00e9s et\u00a0<strong>prot\u00e9g\u00e9s par le droit de la propri\u00e9t\u00e9 intellectuelle<\/strong>. (Droit auteur, droit voisin, droit des marques&#8230;).<\/p>\n<p>Toute\u00a0<strong>repr\u00e9sentation<\/strong>\u00a0totale ou partielle de ce site par quelque proc\u00e9d\u00e9 que ce soit, sans l\u2019autorisation expresse de l\u2019exploitant du site Internet est interdite et constituerait une contrefa\u00e7on sanctionn\u00e9e par les articles L 335-2 et suivants du Code de la propri\u00e9t\u00e9 intellectuelle.<\/p>\n<p>Il en est de m\u00eame des \u00e9ventuelles\u00a0<strong>bases de donn\u00e9es<\/strong>\u00a0figurant sur le site Internet qui sont prot\u00e9g\u00e9es par les dispositions de la loi du 11 juillet 1998 portant transposition dans le Code de la propri\u00e9t\u00e9 intellectuelle (CPI) de la directive europ\u00e9enne du 11 mars 1996 relative \u00e0 la\u00a0<strong>protection juridique des bases de donn\u00e9es<\/strong>.<\/p>\n<\/div>\n<\/div>\n<p class=\"right\">Bonne visite.<\/p>\n<\/div>\n<div id=\"credits\">\n<p>Cr\u00e9dits photographiques :<\/p>\n<ul>\n<li>Julien Eichinger \u00a9 Adobe Stock<\/li>\n<li>Andrey Kuzmin \u00a9 Adobe Stock<\/li>\n<li>kuroksta \u00a9 Adobe Stock<\/li>\n<li>ctvvelve \u00a9 Adobe Stock<\/li>\n<li>Parilov \u00a9 Adobe Stock<\/li>\n<\/ul>\n<\/div>\n","protected":false},"excerpt":{"rendered":"<p>Raison sociale :\u00a0SARL.\u00a0GR INOX Si\u00e8ge social :\u00a0Parc d&rsquo;Activit\u00e9s 55 Rue  [&#8230;]<\/p>\n","protected":false},"author":1,"featured_media":0,"parent":0,"menu_order":0,"comment_status":"closed","ping_status":"closed","template":"100-width.php","meta":{"_acf_changed":false,"footnotes":""},"class_list":["post-2243","page","type-page","status-publish","hentry"],"acf":[],"yoast_head":"<!-- This site is optimized with the Yoast SEO plugin v27.3 - https:\/\/yoast.com\/product\/yoast-seo-wordpress\/ -->\n<title>Mentions l\u00e9gales - GR Inox - Sp\u00e9cialiste de l&#039;acier inoxydable<\/title>\n<meta name=\"robots\" content=\"index, follow, max-snippet:-1, max-image-preview:large, max-video-preview:-1\" \/>\n<link rel=\"canonical\" href=\"https:\/\/grinox.fr\/index.php\/mentions-legales\/\" \/>\n<meta property=\"og:locale\" content=\"fr_FR\" \/>\n<meta property=\"og:type\" content=\"article\" \/>\n<meta property=\"og:title\" content=\"Mentions l\u00e9gales - GR Inox - Sp\u00e9cialiste de l&#039;acier inoxydable\" \/>\n<meta property=\"og:description\" content=\"Raison sociale :\u00a0SARL.\u00a0GR INOX Si\u00e8ge social :\u00a0Parc d&rsquo;Activit\u00e9s 55 Rue [...]\" \/>\n<meta property=\"og:url\" content=\"https:\/\/grinox.fr\/index.php\/mentions-legales\/\" \/>\n<meta property=\"og:site_name\" content=\"GR Inox - Sp\u00e9cialiste de l&#039;acier inoxydable\" \/>\n<meta property=\"og:image\" content=\"https:\/\/grinox.fr\/wp-content\/uploads\/2024\/04\/machinery-upgradation-1.jpg\" \/>\n\t<meta property=\"og:image:width\" content=\"1920\" \/>\n\t<meta property=\"og:image:height\" content=\"1090\" \/>\n\t<meta property=\"og:image:type\" content=\"image\/jpeg\" \/>\n<meta name=\"twitter:card\" content=\"summary_large_image\" \/>\n<meta name=\"twitter:label1\" content=\"Dur\u00e9e de lecture estim\u00e9e\" \/>\n\t<meta name=\"twitter:data1\" content=\"6 minutes\" \/>\n<script type=\"application\/ld+json\" class=\"yoast-schema-graph\">{\"@context\":\"https:\\\/\\\/schema.org\",\"@graph\":[{\"@type\":\"WebPage\",\"@id\":\"https:\\\/\\\/grinox.fr\\\/index.php\\\/mentions-legales\\\/\",\"url\":\"https:\\\/\\\/grinox.fr\\\/index.php\\\/mentions-legales\\\/\",\"name\":\"Mentions l\u00e9gales - GR Inox - Sp\u00e9cialiste de l&#039;acier inoxydable\",\"isPartOf\":{\"@id\":\"https:\\\/\\\/grinox.fr\\\/#website\"},\"datePublished\":\"2024-12-05T15:30:32+00:00\",\"breadcrumb\":{\"@id\":\"https:\\\/\\\/grinox.fr\\\/index.php\\\/mentions-legales\\\/#breadcrumb\"},\"inLanguage\":\"fr-FR\",\"potentialAction\":[{\"@type\":\"ReadAction\",\"target\":[\"https:\\\/\\\/grinox.fr\\\/index.php\\\/mentions-legales\\\/\"]}]},{\"@type\":\"BreadcrumbList\",\"@id\":\"https:\\\/\\\/grinox.fr\\\/index.php\\\/mentions-legales\\\/#breadcrumb\",\"itemListElement\":[{\"@type\":\"ListItem\",\"position\":1,\"name\":\"Accueil\",\"item\":\"https:\\\/\\\/grinox.fr\\\/\"},{\"@type\":\"ListItem\",\"position\":2,\"name\":\"Mentions l\u00e9gales\"}]},{\"@type\":\"WebSite\",\"@id\":\"https:\\\/\\\/grinox.fr\\\/#website\",\"url\":\"https:\\\/\\\/grinox.fr\\\/\",\"name\":\"GR INOX - artisan expert dans le 83\",\"description\":\"Cr\u00e9ation en inox\",\"publisher\":{\"@id\":\"https:\\\/\\\/grinox.fr\\\/#organization\"},\"potentialAction\":[{\"@type\":\"SearchAction\",\"target\":{\"@type\":\"EntryPoint\",\"urlTemplate\":\"https:\\\/\\\/grinox.fr\\\/?s={search_term_string}\"},\"query-input\":{\"@type\":\"PropertyValueSpecification\",\"valueRequired\":true,\"valueName\":\"search_term_string\"}}],\"inLanguage\":\"fr-FR\"},{\"@type\":\"Organization\",\"@id\":\"https:\\\/\\\/grinox.fr\\\/#organization\",\"name\":\"GR INOX\",\"url\":\"https:\\\/\\\/grinox.fr\\\/\",\"logo\":{\"@type\":\"ImageObject\",\"inLanguage\":\"fr-FR\",\"@id\":\"https:\\\/\\\/grinox.fr\\\/#\\\/schema\\\/logo\\\/image\\\/\",\"url\":\"https:\\\/\\\/grinox.fr\\\/wp-content\\\/uploads\\\/2024\\\/12\\\/logo_grinox_carre.png\",\"contentUrl\":\"https:\\\/\\\/grinox.fr\\\/wp-content\\\/uploads\\\/2024\\\/12\\\/logo_grinox_carre.png\",\"width\":90,\"height\":90,\"caption\":\"GR INOX\"},\"image\":{\"@id\":\"https:\\\/\\\/grinox.fr\\\/#\\\/schema\\\/logo\\\/image\\\/\"}}]}<\/script>\n<!-- \/ Yoast SEO plugin. -->","yoast_head_json":{"title":"Mentions l\u00e9gales - GR Inox - Sp\u00e9cialiste de l&#039;acier inoxydable","robots":{"index":"index","follow":"follow","max-snippet":"max-snippet:-1","max-image-preview":"max-image-preview:large","max-video-preview":"max-video-preview:-1"},"canonical":"https:\/\/grinox.fr\/index.php\/mentions-legales\/","og_locale":"fr_FR","og_type":"article","og_title":"Mentions l\u00e9gales - GR Inox - Sp\u00e9cialiste de l&#039;acier inoxydable","og_description":"Raison sociale :\u00a0SARL.\u00a0GR INOX Si\u00e8ge social :\u00a0Parc d&rsquo;Activit\u00e9s 55 Rue [...]","og_url":"https:\/\/grinox.fr\/index.php\/mentions-legales\/","og_site_name":"GR Inox - Sp\u00e9cialiste de l&#039;acier inoxydable","og_image":[{"width":1920,"height":1090,"url":"https:\/\/grinox.fr\/wp-content\/uploads\/2024\/04\/machinery-upgradation-1.jpg","type":"image\/jpeg"}],"twitter_card":"summary_large_image","twitter_misc":{"Dur\u00e9e de lecture estim\u00e9e":"6 minutes"},"schema":{"@context":"https:\/\/schema.org","@graph":[{"@type":"WebPage","@id":"https:\/\/grinox.fr\/index.php\/mentions-legales\/","url":"https:\/\/grinox.fr\/index.php\/mentions-legales\/","name":"Mentions l\u00e9gales - GR Inox - Sp\u00e9cialiste de l&#039;acier inoxydable","isPartOf":{"@id":"https:\/\/grinox.fr\/#website"},"datePublished":"2024-12-05T15:30:32+00:00","breadcrumb":{"@id":"https:\/\/grinox.fr\/index.php\/mentions-legales\/#breadcrumb"},"inLanguage":"fr-FR","potentialAction":[{"@type":"ReadAction","target":["https:\/\/grinox.fr\/index.php\/mentions-legales\/"]}]},{"@type":"BreadcrumbList","@id":"https:\/\/grinox.fr\/index.php\/mentions-legales\/#breadcrumb","itemListElement":[{"@type":"ListItem","position":1,"name":"Accueil","item":"https:\/\/grinox.fr\/"},{"@type":"ListItem","position":2,"name":"Mentions l\u00e9gales"}]},{"@type":"WebSite","@id":"https:\/\/grinox.fr\/#website","url":"https:\/\/grinox.fr\/","name":"GR INOX - artisan expert dans le 83","description":"Cr\u00e9ation en inox","publisher":{"@id":"https:\/\/grinox.fr\/#organization"},"potentialAction":[{"@type":"SearchAction","target":{"@type":"EntryPoint","urlTemplate":"https:\/\/grinox.fr\/?s={search_term_string}"},"query-input":{"@type":"PropertyValueSpecification","valueRequired":true,"valueName":"search_term_string"}}],"inLanguage":"fr-FR"},{"@type":"Organization","@id":"https:\/\/grinox.fr\/#organization","name":"GR INOX","url":"https:\/\/grinox.fr\/","logo":{"@type":"ImageObject","inLanguage":"fr-FR","@id":"https:\/\/grinox.fr\/#\/schema\/logo\/image\/","url":"https:\/\/grinox.fr\/wp-content\/uploads\/2024\/12\/logo_grinox_carre.png","contentUrl":"https:\/\/grinox.fr\/wp-content\/uploads\/2024\/12\/logo_grinox_carre.png","width":90,"height":90,"caption":"GR INOX"},"image":{"@id":"https:\/\/grinox.fr\/#\/schema\/logo\/image\/"}}]}},"_links":{"self":[{"href":"https:\/\/grinox.fr\/index.php\/wp-json\/wp\/v2\/pages\/2243","targetHints":{"allow":["GET"]}}],"collection":[{"href":"https:\/\/grinox.fr\/index.php\/wp-json\/wp\/v2\/pages"}],"about":[{"href":"https:\/\/grinox.fr\/index.php\/wp-json\/wp\/v2\/types\/page"}],"author":[{"embeddable":true,"href":"https:\/\/grinox.fr\/index.php\/wp-json\/wp\/v2\/users\/1"}],"replies":[{"embeddable":true,"href":"https:\/\/grinox.fr\/index.php\/wp-json\/wp\/v2\/comments?post=2243"}],"version-history":[{"count":2,"href":"https:\/\/grinox.fr\/index.php\/wp-json\/wp\/v2\/pages\/2243\/revisions"}],"predecessor-version":[{"id":2246,"href":"https:\/\/grinox.fr\/index.php\/wp-json\/wp\/v2\/pages\/2243\/revisions\/2246"}],"wp:attachment":[{"href":"https:\/\/grinox.fr\/index.php\/wp-json\/wp\/v2\/media?parent=2243"}],"curies":[{"name":"wp","href":"https:\/\/api.w.org\/{rel}","templated":true}]}}